en 15680 is divided by 5226.
2
Calculate the remainder when 277597 is divided by 5783.
13
What is the remainder when 417138 is divided by 25?
13
What is the remainder when 416 is divided by 286?
130
What is the remainder when 1930 is divided by 505?
415
What is the remainder when 42786 is divided by 162?
18
What is the remainder when 6311 is divided by 1085?
886
What is the remainder when 20063 is divided by 9293?
1477
Calculate the remainder when 8296 is divided by 2070.
16
Calculate the remainder when 4365 is divided by 385.
130
What is the remainder when 7172 is divided by 1351?
417
Calculate the remainder when 850 is divided by 273.
31
Calculate the remainder when 4349 is divided by 1229.
662
Calculate the remainder when 5422 is divided by 903.
4
What is the remainder when 6911 is divided by 258?
203
What is the remainder when 8100 is divided by 8086?
14
What is the remainder when 1181 is divided by 58?
21
Calculate the remainder when 5115 is divided by 85.
15
Calculate the remainder when 673199 is divided by 14.
9
Calculate the remainder when 791 is divided by 42.
35
Calculate the remainder when 4217 is divided by 177.
146
Calculate the remainder when 24936 is divided by 240.
216
Calculate the remainder when 4477 is divided by 26.
5
What is the remainder when 670 is divided by 189?
103
What is the remainder when 1002 is divided by 209?
166
What is the remainder when 119534 is divided by 583?
19
What is the remainder when 4934 is divided by 543?
47
Calculate the remainder when 6686 is divided by 725.
161
Calculate the remainder when 10356 is divided by 17.
3
Calculate the remainder when 20002 is divided by 738.
76
Calculate the remainder when 1132 is divided by 61.
34
Calculate the remainder when 27509 is divided by 14.
13
What is the remainder when 13860 is divided by 18?
0
What is the remainder when 8772 is divided by 21?
15
Calculate the remainder when 452 is divided by 217.
18
Calculate the remainder when 56533 is divided by 11304.
13
What is the remainder when 35666 is divided by 402?
290
What is the remainder when 235025 is divided by 28?
21
What is the remainder when 2860 is divided by 362?
326
What is the remainder when 8216 is divided by 46?
28
What is the remainder when 2162565 is divided by 14?
13
What is the remainder when 753062 is divided by 4?
2
Calculate the remainder when 157784 is divided by 3220.
4
What is the remainder when 419 is divided by 64?
35
Calculate the remainder when 3084 is divided by 1023.
15
Calculate the remainder when 2044 is divided by 3.
1
Calculate the remainder when 2348350 is divided by 1296.
1294
What is the remainder when 3408 is divided by 1740?
1668
Calculate the remainder when 7503 is divided by 51.
6
What is the remainder when 18610 is divided by 9268?
74
What is the remainder when 95228 is divided by 222?
212
What is the remainder when 239117 is divided by 560?
557
What is the remainder when 3907258 is divided by 490?
488
Calculate the remainder when 432876 is divided by 17315.
1
Calculate the remainder when 1392 is divided by 179.
139
What is the remainder when 1142 is divided by 78?
50
What is the remainder when 2501 is divided by 102?
53
What is the remainder when 2946 is divided by 166?
124
Calculate the remainder when 9302 is divided by 9245.
57
Calculate the remainder when 318671 is divided by 159331.
9
What is the remainder when 22286 is divided by 7428?
2
What is the remainder when 4431 is divided by 220?
31
What is the remainder when 7863 is divided by 16?
7
Calculate the remainder when 1687291 is divided by 41.
18
Calculate the remainder when 2540 is divided by 33.
32
What is the remainder when 334 is divided by 180?
154
Calculate the remainder when 20575 is divided by 3423.
37
What is the remainder when 7923 is divided by 659?
15
Calculate the remainder when 251 is divided by 119.
13
Calculate the remainder when 15462 is divided by 47.
46
What is the remainder when 543 is divided by 190?
163
Calculate the remainder when 69540 is divided by 218.
216
What is the remainder when 20265 is divided by 787?
590
What is the remainder when 13509 is divided by 18?
9
Calculate the remainder when 403358 is divided by 4.
2
What is the remainder when 42392 is divided by 86?
80
Calculate the remainder when 10421 is divided by 9.
8
Calculate the remainder when 185786 is divided by 929.
915
Calculate the remainder when 47692 is divided by 6769.
309
Calculate the remainder when 20265 is divided by 135.
15
Calculate the remainder when 252771 is divided by 818.
9
Calculate the remainder when 5133 is divided by 1680.
93
Calculate the remainder when 545670 is divided by 49606.
4
What is the remainder when 148683 is divided by 69?
57
Calculate the remainder when 14151 is divided by 68.
7
Calculate the remainder when 8126 is divided by 177.
161
What is the remainder when 5367 is divided by 4?
3
What is the remainder when 28926 is divided by 1259?
1228
Calculate the remainder when 13080 is divided by 6534.
12
What is the remainder when 2480743 is divided by 434?
433
What is the remainder when 70558 is divided by 35267?
24
Calculate the remainder when 3210 is divided by 403.
389
Calculate the remainder when 38508 is divided by 38492.
16
Calculate the remainder when 11224 is divided by 3739.
7
Calculate the remainder when 77932 is divided by 3896.
12
Calculate the remainder when 11939 is divided by 146.
113
What is the remainder when 359497 is divided by 33?
28
Calculate the remainder when 4744 is divided by 28.
12
What is the remainder when 6359 is divided by 2084?
107
Calculate the remainder when 31508 is divided by 303.
299
Calculate the remainder when 19943 is divided by 469.
245
Calculate the remainder when 2893 is divided by 685.
153
Calculate the remainder when 93747 is divided by 1053.
30
Calculate the remainder when 1543 is divided by 58.
35
What is the remainder when 3367 is divided by 3200?
167
Calculate the remainder when 11107 is divided by 3514.
565
Calculate the remainder when 239965 is divided by 1420.
1405
What is the remainder when 7509599 is divided by 451?
449
Calculate the remainder when 1725 is divided by 59.
14
What is the remainder when 8161 is divided by 2039?
5
What is the remainder when 39128 is divided by 12?
8
Calculate the remainder when 83370 is divided by 36.
30
Calculate the remainder when 613490 is divided by 613480.
10
What is the remainder when 37875 is divided by 17?
16
Calculate the remainder when 347692 is divided by 244.
236
Calculate the remainder when 6518 is divided by 1158.
728
Calculate the remainder when 6025 is divided by 403.
383
Calculate the remainder when 1180 is divided by 53.
14
Calculate the remainder when 217 is divided by 32.
25
What is the remainder when 98185 is divided by 49052?
81
What is the remainder when 5591 is divided by 290?
81
Calculate the remainder when 62992 is divided by 24.
16
Calculate the remainder when 371304 is divided by 26.
24
What is the remainder when 1685 is divided by 377?
177
Calculate the remainder when 2051128 is divided by 431.
430
Calculate the remainder when 5557874 is divided by 4.
2
What is the remainder when 247124 is divided by 375?
374
Calculate the remainder when 2047 is divided by 25.
22
What is the remainder when 19255 is divided by 376?
79
What is the remainder when 2813 is divided by 358?
307
Calculate the remainder when 51898 is divided by 41.
33
What is the remainder when 308625 is divided by 9?
6
What is the remainder when 181 is divided by 115?
66
What is the remainder when 26967 is divided by 13463?
41
What is the remainder when 46198 is divided by 22?
20
Calculate the remainder when 9644 is divided by 16.
12
What is the remainder when 1604 is divided by 253?
86
Calculate the remainder when 11042 is divided by 3666.
44
What is the remainder when 90695 is divided by 581?
59
Calculate the remainder when 79442 is divided by 97.
96
Calculate the remainder when 45130 is divided by 11.
8
Calculate the remainder when 54416 is divided by 210.
26
What is the remainder when 890449 is divided by 110?
109
Calculate the remainder when 996 is divided by 501.
495
What is the remainder when 470821 is divided by 509?
505
What is the remainder when 21889 is divided by 10889?
111
What is the remainder when 13323 is divided